[INFO] fetching crate fusefilter 0.1.0...
[INFO] checking fusefilter-0.1.0 against master#9610dfe5a9a731ced1ea4923ecbd0c57fe367898 for beta-170-4
[INFO] extracting crate fusefilter 0.1.0 into /workspace/builds/worker-0-tc1/source
[INFO] validating manifest of crates.io crate fusefilter 0.1.0 on toolchain 9610dfe5a9a731ced1ea4923ecbd0c57fe367898
[INFO] running `Command { std: CARGO_HOME="/workspace/cargo-home" RUSTUP_HOME="/workspace/rustup-home" "/workspace/cargo-home/bin/cargo" "+9610dfe5a9a731ced1ea4923ecbd0c57fe367898" "metadata" "--manifest-path" "Cargo.toml" "--no-deps", kill_on_drop: false }`
[INFO] started tweaking crates.io crate fusefilter 0.1.0
[INFO] finished tweaking crates.io crate fusefilter 0.1.0
[INFO] tweaked toml for crates.io crate fusefilter 0.1.0 written to /workspace/builds/worker-0-tc1/source/Cargo.toml
[INFO] crate crates.io crate fusefilter 0.1.0 already has a lockfile, it will not be regenerated
[INFO] running `Command { std: CARGO_HOME="/workspace/cargo-home" RUSTUP_HOME="/workspace/rustup-home" "/workspace/cargo-home/bin/cargo" "+9610dfe5a9a731ced1ea4923ecbd0c57fe367898" "fetch" "--manifest-path" "Cargo.toml", kill_on_drop: false }`
[INFO] running `Command { std: "docker" "create" "-v" "/var/lib/crater-agent-workspace/builds/worker-0-tc1/target:/opt/rustwide/target:rw,Z" "-v" "/var/lib/crater-agent-workspace/builds/worker-0-tc1/source:/opt/rustwide/workdir:ro,Z" "-v" "/var/lib/crater-agent-workspace/cargo-home:/opt/rustwide/cargo-home:ro,Z" "-v" "/var/lib/crater-agent-workspace/rustup-home:/opt/rustwide/rustup-home:ro,Z" "-e" "SOURCE_DIR=/opt/rustwide/workdir" "-e" "CARGO_TARGET_DIR=/opt/rustwide/target" "-e" "CARGO_HOME=/opt/rustwide/cargo-home" "-e" "RUSTUP_HOME=/opt/rustwide/rustup-home" "-w" "/opt/rustwide/workdir" "-m" "1610612736" "--user" "0:0" "--network" "none" "ghcr.io/rust-lang/crates-build-env/linux@sha256:19e73879b68f455e41552ea35293514db52ea292d993f571636dbffedb77a1ee" "/opt/rustwide/cargo-home/bin/cargo" "+9610dfe5a9a731ced1ea4923ecbd0c57fe367898" "metadata" "--no-deps" "--format-version=1", kill_on_drop: false }`
[INFO] [stdout] dd249adb740bc19f4449b37c60aad65f3948aa43a65ece6eab9b28f1485909b9
[INFO] running `Command { std: "docker" "start" "-a" "dd249adb740bc19f4449b37c60aad65f3948aa43a65ece6eab9b28f1485909b9", kill_on_drop: false }`
[INFO] running `Command { std: "docker" "inspect" "dd249adb740bc19f4449b37c60aad65f3948aa43a65ece6eab9b28f1485909b9", kill_on_drop: false }`
[INFO] running `Command { std: "docker" "rm" "-f" "dd249adb740bc19f4449b37c60aad65f3948aa43a65ece6eab9b28f1485909b9", kill_on_drop: false }`
[INFO] [stdout] dd249adb740bc19f4449b37c60aad65f3948aa43a65ece6eab9b28f1485909b9
[INFO] running `Command { std: "docker" "create" "-v" "/var/lib/crater-agent-workspace/builds/worker-0-tc1/target:/opt/rustwide/target:rw,Z" "-v" "/var/lib/crater-agent-workspace/builds/worker-0-tc1/source:/opt/rustwide/workdir:ro,Z" "-v" "/var/lib/crater-agent-workspace/cargo-home:/opt/rustwide/cargo-home:ro,Z" "-v" "/var/lib/crater-agent-workspace/rustup-home:/opt/rustwide/rustup-home:ro,Z" "-e" "SOURCE_DIR=/opt/rustwide/workdir" "-e" "CARGO_TARGET_DIR=/opt/rustwide/target" "-e" "CARGO_INCREMENTAL=0" "-e" "RUST_BACKTRACE=full" "-e" "RUSTFLAGS=--cap-lints=forbid" "-e" "RUSTDOCFLAGS=--cap-lints=forbid" "-e" "CARGO_HOME=/opt/rustwide/cargo-home" "-e" "RUSTUP_HOME=/opt/rustwide/rustup-home" "-w" "/opt/rustwide/workdir" "-m" "1610612736" "--user" "0:0" "--network" "none" "ghcr.io/rust-lang/crates-build-env/linux@sha256:19e73879b68f455e41552ea35293514db52ea292d993f571636dbffedb77a1ee" "/opt/rustwide/cargo-home/bin/cargo" "+9610dfe5a9a731ced1ea4923ecbd0c57fe367898" "check" "--frozen" "--all" "--all-targets" "--message-format=json", kill_on_drop: false }`
[INFO] [stdout] 8a5acf61408dff0390e63a0701fc1dd878f38b685e1f2fd4a4f55109f6db50c9
[INFO] running `Command { std: "docker" "start" "-a" "8a5acf61408dff0390e63a0701fc1dd878f38b685e1f2fd4a4f55109f6db50c9", kill_on_drop: false }`
[INFO] [stderr]    Compiling autocfg v1.0.1
[INFO] [stderr]    Compiling ucd-trie v0.1.3
[INFO] [stderr]    Compiling serde v1.0.126
[INFO] [stderr]    Compiling crossbeam-utils v0.8.5
[INFO] [stderr]    Compiling libc v0.2.97
[INFO] [stderr]    Compiling ryu v1.0.5
[INFO] [stderr]    Compiling crossbeam-epoch v0.9.5
[INFO] [stderr]    Compiling proc-macro2 v1.0.27
[INFO] [stderr]    Compiling pest v2.1.3
[INFO] [stderr]    Compiling memchr v2.4.0
[INFO] [stderr]    Compiling unicode-xid v0.2.2
[INFO] [stderr]    Compiling memoffset v0.6.4
[INFO] [stderr]    Compiling rayon-core v1.9.1
[INFO] [stderr]    Compiling num-traits v0.2.14
[INFO] [stderr]     Checking itoa v0.4.7
[INFO] [stderr]     Checking either v1.6.1
[INFO] [stderr]    Compiling syn v1.0.73
[INFO] [stderr]    Compiling serde_json v1.0.64
[INFO] [stderr]     Checking crossbeam-deque v0.8.0
[INFO] [stderr]     Checking num_cpus v1.13.0
[INFO] [stderr]    Compiling semver-parser v0.10.2
[INFO] [stderr]    Compiling quote v1.0.9
[INFO] [stderr]     Checking crossbeam-channel v0.5.1
[INFO] [stderr]    Compiling rayon v1.5.1
[INFO] [stderr]     Checking unicode-width v0.1.8
[INFO] [stderr]     Checking plotters-backend v0.3.0
[INFO] [stderr]    Compiling serde_derive v1.0.126
[INFO] [stderr]     Checking regex-automata v0.1.10
[INFO] [stderr]     Checking plotters-svg v0.3.0
[INFO] [stderr]     Checking textwrap v0.11.0
[INFO] [stderr]    Compiling semver v0.11.0
[INFO] [stderr]     Checking csv-core v0.1.10
[INFO] [stderr]     Checking itertools v0.10.1
[INFO] [stderr]    Compiling rustc_version v0.3.3
[INFO] [stderr]     Checking regex-syntax v0.6.25
[INFO] [stderr]     Checking half v1.7.1
[INFO] [stderr]    Compiling cast v0.2.6
[INFO] [stderr]     Checking walkdir v2.3.2
[INFO] [stderr]     Checking plotters v0.3.1
[INFO] [stderr]     Checking clap v2.33.3
[INFO] [stderr]     Checking atty v0.2.14
[INFO] [stderr]     Checking oorandom v11.1.3
[INFO] [stderr]     Checking fastrand v1.4.1
[INFO] [stderr]     Checking fusefilter v0.1.0 (/opt/rustwide/workdir)
[INFO] [stdout] error[E0557]: feature has been removed
[INFO] [stdout]  --> src/lib.rs:2:12
[INFO] [stdout]   |
[INFO] [stdout] 2 | #![feature(const_generics)]
[INFO] [stdout]   |            ^^^^^^^^^^^^^^ feature has been removed
[INFO] [stdout]   |
[INFO] [stdout]   = note: removed in favor of `#![feature(adt_const_params)]` and `#![feature(generic_const_exprs)]`
[INFO] [stdout] 
[INFO] [stdout] 
[INFO] [stdout] error[E0557]: feature has been removed
[INFO] [stdout]  --> src/lib.rs:4:12
[INFO] [stdout]   |
[INFO] [stdout] 4 | #![feature(const_evaluatable_checked)]
[INFO] [stdout]   |            ^^^^^^^^^^^^^^^^^^^^^^^^^ feature has been removed
[INFO] [stdout]   |
[INFO] [stdout]   = note: renamed to `generic_const_exprs`
[INFO] [stdout] 
[INFO] [stdout] 
[INFO] [stdout] error: generic parameters may not be used in const operations
[INFO] [stdout]   --> src/lib.rs:27:20
[INFO] [stdout]    |
[INFO] [stdout] 27 |     [T; capacity::<N>()]: Sized,
[INFO] [stdout]    |                    ^ cannot perform const operation using `N`
[INFO] [stdout]    |
[INFO] [stdout]    = help: const parameters may only be used as standalone arguments, i.e. `N`
[INFO] [stdout]    = help: use `#![feature(generic_const_exprs)]` to allow generic const expressions
[INFO] [stdout] 
[INFO] [stdout] 
[INFO] [stdout] error: generic parameters may not be used in const operations
[INFO] [stdout]   --> src/lib.rs:38:40
[INFO] [stdout]    |
[INFO] [stdout] 38 |     pub fingerprints: [T; capacity::<{ N }>()],
[INFO] [stdout]    |                                        ^ cannot perform const operation using `N`
[INFO] [stdout]    |
[INFO] [stdout]    = help: const parameters may only be used as standalone arguments, i.e. `N`
[INFO] [stdout]    = help: use `#![feature(generic_const_exprs)]` to allow generic const expressions
[INFO] [stdout] 
[INFO] [stdout] 
[INFO] [stdout] error: generic parameters may not be used in const operations
[INFO] [stdout]   --> src/lib.rs:43:20
[INFO] [stdout]    |
[INFO] [stdout] 43 |     [T; capacity::<N>()]: Sized,
[INFO] [stdout]    |                    ^ cannot perform const operation using `N`
[INFO] [stdout]    |
[INFO] [stdout]    = help: const parameters may only be used as standalone arguments, i.e. `N`
[INFO] [stdout]    = help: use `#![feature(generic_const_exprs)]` to allow generic const expressions
[INFO] [stdout] 
[INFO] [stdout] 
[INFO] [stdout] error: generic parameters may not be used in const operations
[INFO] [stdout]   --> src/lib.rs:57:40
[INFO] [stdout]    |
[INFO] [stdout] 57 |         let mut H: [HSet; capacity::<{ N }>()] = [HSet::default(); capacity::<{ N }>()];
[INFO] [stdout]    |                                        ^ cannot perform const operation using `N`
[INFO] [stdout]    |
[INFO] [stdout]    = help: const parameters may only be used as standalone arguments, i.e. `N`
[INFO] [stdout]    = help: use `#![feature(generic_const_exprs)]` to allow generic const expressions
[INFO] [stdout] 
[INFO] [stdout] 
[INFO] [stdout] error: generic parameters may not be used in const operations
[INFO] [stdout]   --> src/lib.rs:57:81
[INFO] [stdout]    |
[INFO] [stdout] 57 |         let mut H: [HSet; capacity::<{ N }>()] = [HSet::default(); capacity::<{ N }>()];
[INFO] [stdout]    |                                                                                 ^ cannot perform const operation using `N`
[INFO] [stdout]    |
[INFO] [stdout]    = help: const parameters may only be used as standalone arguments, i.e. `N`
[INFO] [stdout]    = help: use `#![feature(generic_const_exprs)]` to allow generic const expressions
[INFO] [stdout] 
[INFO] [stdout] 
[INFO] [stdout] error: generic parameters may not be used in const operations
[INFO] [stdout]   --> src/lib.rs:58:44
[INFO] [stdout]    |
[INFO] [stdout] 58 |         let mut Q: [KeyIndex; capacity::<{ N }>()] = [KeyIndex::default(); capacity::<{ N }>()];
[INFO] [stdout]    |                                            ^ cannot perform const operation using `N`
[INFO] [stdout]    |
[INFO] [stdout]    = help: const parameters may only be used as standalone arguments, i.e. `N`
[INFO] [stdout]    = help: use `#![feature(generic_const_exprs)]` to allow generic const expressions
[INFO] [stdout] 
[INFO] [stdout] 
[INFO] [stdout] error: generic parameters may not be used in const operations
[INFO] [stdout]   --> src/lib.rs:58:89
[INFO] [stdout]    |
[INFO] [stdout] 58 |         let mut Q: [KeyIndex; capacity::<{ N }>()] = [KeyIndex::default(); capacity::<{ N }>()];
[INFO] [stdout]    |                                                                                         ^ cannot perform const operation using `N`
[INFO] [stdout]    |
[INFO] [stdout]    = help: const parameters may only be used as standalone arguments, i.e. `N`
[INFO] [stdout]    = help: use `#![feature(generic_const_exprs)]` to allow generic const expressions
[INFO] [stdout] 
[INFO] [stdout] 
[INFO] [stdout] error: generic parameters may not be used in const operations
[INFO] [stdout]    --> src/lib.rs:118:37
[INFO] [stdout]     |
[INFO] [stdout] 118 |         let mut B: [T; capacity::<{ N }>()] = [T::default(); capacity::<N>()];
[INFO] [stdout]     |                                     ^ cannot perform const operation using `N`
[INFO] [stdout]     |
[INFO] [stdout]     = help: const parameters may only be used as standalone arguments, i.e. `N`
[INFO] [stdout]     = help: use `#![feature(generic_const_exprs)]` to allow generic const expressions
[INFO] [stdout] 
[INFO] [stdout] 
[INFO] [stdout] error: generic parameters may not be used in const operations
[INFO] [stdout]    --> src/lib.rs:118:73
[INFO] [stdout]     |
[INFO] [stdout] 118 |         let mut B: [T; capacity::<{ N }>()] = [T::default(); capacity::<N>()];
[INFO] [stdout]     |                                                                         ^ cannot perform const operation using `N`
[INFO] [stdout]     |
[INFO] [stdout]     = help: const parameters may only be used as standalone arguments, i.e. `N`
[INFO] [stdout]     = help: use `#![feature(generic_const_exprs)]` to allow generic const expressions
[INFO] [stdout] 
[INFO] [stdout] 
[INFO] [stdout] warning: unused import: `core::convert::TryFrom`
[INFO] [stdout]  --> src/lib.rs:7:5
[INFO] [stdout]   |
[INFO] [stdout] 7 | use core::convert::TryFrom;
[INFO] [stdout]   |     ^^^^^^^^^^^^^^^^^^^^^^
[INFO] [stdout]   |
[INFO] [stdout]   = note: `#[warn(unused_imports)]` on by default
[INFO] [stdout] 
[INFO] [stdout] 
[INFO] [stderr]     Checking criterion-plot v0.4.4
[INFO] [stdout] warning: use of deprecated struct `std::hash::SipHasher`: use `std::collections::hash_map::DefaultHasher` instead
[INFO] [stdout]  --> src/lib.rs:8:32
[INFO] [stdout]   |
[INFO] [stdout] 8 | use core::hash::{Hash, Hasher, SipHasher};
[INFO] [stdout]   |                                ^^^^^^^^^
[INFO] [stdout]   |
[INFO] [stdout]   = note: `#[warn(deprecated)]` on by default
[INFO] [stdout] 
[INFO] [stdout] 
[INFO] [stdout] warning: use of deprecated struct `std::hash::SipHasher`: use `std::collections::hash_map::DefaultHasher` instead
[INFO] [stdout]    --> src/lib.rs:145:34
[INFO] [stdout]     |
[INFO] [stdout] 145 |                 k[i] = hash::<U, SipHasher>(&keys[i]);
[INFO] [stdout]     |                                  ^^^^^^^^^
[INFO] [stdout] 
[INFO] [stdout] 
[INFO] [stdout] warning: use of deprecated struct `std::hash::SipHasher`: use `std::collections::hash_map::DefaultHasher` instead
[INFO] [stdout]    --> src/lib.rs:160:27
[INFO] [stdout]     |
[INFO] [stdout] 160 |             k = hash::<U, SipHasher>(&key);
[INFO] [stdout]     |                           ^^^^^^^^^
[INFO] [stdout] 
[INFO] [stdout] 
[INFO] [stdout] error[E0747]: unresolved item provided when a constant was expected
[INFO] [stdout]   --> src/lib.rs:27:20
[INFO] [stdout]    |
[INFO] [stdout] 27 |     [T; capacity::<N>()]: Sized,
[INFO] [stdout]    |                    ^
[INFO] [stdout]    |
[INFO] [stdout] help: if this generic argument was intended as a const parameter, surround it with braces
[INFO] [stdout]    |
[INFO] [stdout] 27 |     [T; capacity::<{ N }>()]: Sized,
[INFO] [stdout]    |                    +   +
[INFO] [stdout] 
[INFO] [stdout] 
[INFO] [stdout] error: aborting due to 12 previous errors; 4 warnings emitted
[INFO] [stdout] 
[INFO] [stdout] 
[INFO] [stdout] Some errors have detailed explanations: E0557, E0747.
[INFO] [stdout] 
[INFO] [stdout] For more information about an error, try `rustc --explain E0557`.
[INFO] [stdout] 
[INFO] [stderr] error: could not compile `fusefilter` (lib) due to 13 previous errors; 4 warnings emitted
[INFO] [stderr] warning: build failed, waiting for other jobs to finish...
[INFO] running `Command { std: "docker" "inspect" "8a5acf61408dff0390e63a0701fc1dd878f38b685e1f2fd4a4f55109f6db50c9", kill_on_drop: false }`
[INFO] running `Command { std: "docker" "rm" "-f" "8a5acf61408dff0390e63a0701fc1dd878f38b685e1f2fd4a4f55109f6db50c9", kill_on_drop: false }`
[INFO] [stdout] 8a5acf61408dff0390e63a0701fc1dd878f38b685e1f2fd4a4f55109f6db50c9
